 44. Let a be y(-6). Suppose 0 = a*j + 5*t - 109, -4*t - 229 = -4*j - 3*t. What are the prime factors of j?
3, 19
Let h = -92 - -83. Let a be (-8)/2 + (-4 - h - -3). Suppose -395 = a*c - 1183. List the prime factors of c.
197
Let o(u) = 6*u**3 + 6*u**2 - 2. Let h(n) = -n**3 - 27*n**2 - 54*n - 95. Let t be h(-25). What are the prime factors of o(t)?
2, 449
Let b be ((-6)/48*-20)/((-2)/100). Let c = 203 + b. What are the prime factors of c?
2, 3, 13
Let g(s) = 31*s**2 - 170*s + 171. Let h(k) = 11*k**2 - 57*k + 57. Let q(b) = 6*g(b) - 17*h(b). What are the prime factors of q(-23)?
701
Let b be (-1 - -2)*6*49840/60. Suppose 19*f - b = -9*f. What are the prime factors of f?
2, 89
Let r(g) = -209*g**2 - 10*g - 16. Let l be r(-3). Let k = -697 - l. List the prime factors of k.
2, 3, 5, 13
Let w(r) = r**3 + 10*r**2 + 18*r - 17. Let b be w(-7). Suppose -b*a + x = -1355, 5*a - x - 1693 = x. List the prime factors of a.
3, 113
What are the prime factors of (-9 - (-9 + -6)) + 0 + 2504/2?
2, 17, 37
Let h = -5223 + 14176. Suppose h = -392*v + 399*v. What are the prime factors of v?
1279
Suppose -756*a - 265885 = -797*a. What are the prime factors of a?
5, 1297
Let d(m) = -2406*m - 2569. List the prime factors of d(-8).
13, 1283
Let k = -270 - -272. Suppose -5*o = -k*o - 5*s - 1264, -o - 3*s + 440 = 0. List the prime factors of o.
2, 107
Suppose -2*u + 970 = 242. Suppose 9*a - 2*a = u. Suppose 3*n + a = 604. List the prime factors of n.
2, 23
Let p(n) = -2*n + 2. Let r be p(4). Let a be (-4 - 21/r)*-26. Let u(f) = -f**3 + 13*f**2 + 2*f - 3. What are the prime factors of u(a)?
23
Suppose -13*l + 36 = -7*l. What are the prime factors of l - -268 - 5 - -1?
2, 3, 5
Suppose -3*u = 8*u - 44. Suppose -2*f + 287 = -3*s, -6*f + 288 = -u*f - 4*s. List the prime factors of f.
2, 71
Suppose 0 = -73*m + 75*m - 1758. Suppose -648 = -z - 4*f, 5*f + m = 4*z - 1818. Suppose -r + 163 = 2*v, -v + z = 4*r + 3*v. List the prime factors of r.
3, 19
Let i be (-2)/(-14) + (12 - 129080/98). Let f = 3027 + i. List the prime factors of f.
2, 3, 7, 41
Let q(l) be the third derivative of 7*l**5/30 + 7*l**4/12 + 71*l**3/6 + 74*l**2. What are the prime factors of q(-5)?
3, 13
Let n = 34951 + -1575. What are the prime factors of n?
2, 7, 149
Suppose 0 = -5*j + 5*x + 9840, 0 = 12*j + j + 2*x - 25629. What are the prime factors of j?
3, 73
Suppose 462 = 3*u - 3*f, 0*f - 661 = -4*u - 5*f. Suppose c = 20*c - 7695. Suppose 2*z + s = u, -5*z - 4*s = -0*s - c. List the prime factors of z.
7, 11
What are the prime factors of 18319 + -5 + ((-30)/(-25))/((-6)/(-20))?
2, 3, 43, 71
Suppose 2*t - 10 = 2*k - 4*k, 5*k = -2*t + 19. Suppose -33 = k*o - 3513. Suppose 2*p = -0*p - 5*m + 464, o = 5*p - 3*m. List the prime factors of p.
2, 29
What are the prime factors of (10452/10)/((-7644)/(-3640)*1/70)?
2, 5, 13, 67
Let n(v) = -9*v**3 - 87*v**2 - 37*v + 28. What are the prime factors of n(-13)?
7, 797
Let w(m) = -m**2 - 4. Suppose -2*u = 3*u. Let r be w(u). What are the prime factors of ((-16)/r - -5)*11/3?
3, 11
Let i(z) = 6*z - 144 + 67 - 65 + 0*z. List the prime factors of i(32).
2, 5
Let t(i) = -i**2 - 2*i. Let q be t(-2). Suppose q = 5*r - 7*r + 6. Let f(x) = 11*x**3 - 8*x + 4. List the prime factors of f(r).
277
Let z(r) = 15*r**2 - 3*r + 7. Let s(v) = 15*v**2 - 2*v + 7. Let l(h) = 6*s(h) - 5*z(h). What are the prime factors of l(-3)?
7, 19
Let q(a) = -a**2 - a. Let h be q(0). Suppose h = -o - 2, -3*r + 2*o = 204 - 880. List the prime factors of r.
2, 7
What are the prime factors of (-240)/((-21184)/68517 + (7/(-9) - -1))?
2, 3, 5, 23
Let u = -2044 - -5234. List the prime factors of u.
2, 5, 11, 29
Let u(t) = 10 + 0 + 34 + 5*t. Let h be u(-7). Suppose -i - 160 = -h*i. What are the prime factors of i?
2, 5
Suppose 14979 = 5*m - z, 32*z = 2*m + 37*z - 5997. What are the prime factors of m?
2, 7, 107
Let z = -112 - -66. Suppose 3*r - 4*l - 162 = 0, -3*r + l + 115 = -47. Let i = r + z. List the prime factors of i.
2
Let q be 233 + 0 + (-4 - -8). Let d = -75 + q. List the prime factors of d.
2, 3
Let q(t) = 472*t**2 + 142*t + 198. List the prime factors of q(-7).
2, 3, 1861
Let g(c) = 2*c - 19. Let w be g(6). What are the prime factors of -701*(w + 5 - -1)?
701
Let b(f) = -41*f - 5. Suppose 6*w - 20 = w + 5*j, -3*w + 7 = -4*j. Suppose 3*d - 6*d = w. List the prime factors of b(d).
2, 59
Let c = -90791 + 128468. List the prime factors of c.
3, 19, 661
Let j(z) = -z**2 - 7*z + 2. Let x be j(-7). Let v(r) = -13*r**3 + r**2 - 2*r + 1. Let u be v(x). Let t = -20 - u. List the prime factors of t.
83
Let o(s) = s - 52. Let z(j) = j - 51. Let l = -94 + 96. Let q(n) = l*z(n) - 3*o(n). What are the prime factors of q(19)?
5, 7
Suppose 3*x - 2*x + 5*c + 16 = 0, 0 = -4*x - 2*c + 8. Suppose 4*p = -0*p + 16, -1492 = -x*d + 4*p. What are the prime factors of d?
13, 29
Let n = -49634 - -93513. List the prime factors of n.
11, 3989
Let g = 3881 + 5753. List the prime factors of g.
2, 4817
Let f(r) = 1975*r + 10941. List the prime factors of f(8).
11, 13, 17
Let a(k) = -14 - 5 - 39*k - 7 - 90*k - 3*k**2 - 16. What are the prime factors of a(-20)?
2, 3, 223
Let b = 44 + -42. Suppose -16 + 216 = b*k. Suppose 4*a - k = -a. What are the prime factors of a?
2, 5
Suppose o + 0 = 3*v + 8, -v + 5*o - 12 = 0. What are the prime factors of ((-6)/v)/9 + (-2303)/(-3)?
2, 3
Suppose 0 = 19*f - 17*f. Suppose 0 = -f*s + 10*s - 130. Suppose -s*l + 16*l - 138 = 0. List the prime factors of l.
2, 23
Let p = 338 - -1226. Suppose -2*x - p = -4*q, -2*x - 2*x = -3*q + 1173. List the prime factors of q.
17, 23
Let o = 0 - -149. Let i = 313 - o. What are the prime factors of i?
2, 41
Let q(k) = 3*k**3 - 6*k**2 - 5*k - 8. Let l(u) = 2*u**3 - 6*u**2 - 6*u - 8. Let r(j) = 7*l(j) - 6*q(j). List the prime factors of r(-4).
2, 5
Suppose -3*b + 7 = 31. List the prime factors of (b/(-16))/(1/298).
149
Suppose -202909 = -58*g - 122210 + 467981. List the prime factors of g.
2, 5, 11, 43
Let q = 18222 - -6232. What are the prime factors of q?
2, 12227
Let u = -13 - -26. Suppose 0*a = -u*a + 104. What are the prime factors of ((-732)/a)/(1/(-2))?
3, 61
Let p = -1571 - -7261. List the prime factors of p.
2, 5, 569
Let h = -2869 - -5950. List the prime factors of h.
3, 13, 79
Suppose -3*v - 2*v + 560 = 0. Suppose -v = -3*j + 29. List the prime factors of j.
47
Let i be ((-14)/8 - -4)*(-160)/(-12). What are the prime factors of 7/(7/(-1252))*i/(-24)?
5, 313
Let z(j) = 189*j**2 - 12*j - 31. List the prime factors of z(-6).
5, 37
List the prime factors of 661 + (27/(-72))/(3/(-72)).
2, 5, 67
Let v(u) = 712*u**2 + 21*u + 6. List the prime factors of v(-3).
3, 29, 73
Let s = -3397 - -3410. Suppose -69 = -3*m - 12. Suppose -s*v + m*v = 114. List the prime factors of v.
19
Suppose 10*d - 7*d - 2*u - 7 = 0, -17 = -4*d - 5*u. Suppose -2*n = -d*n + 6. Suppose -4*j = n*j - 2370. List the prime factors of j.
3, 79
List the prime factors of 476/(-1904)*1/(1/(-23804)).
11, 541
Let t(r) = 115*r - 21. Let q = 115 + -113. What are the prime factors of t(q)?
11, 19
Let w(c) = 2872*c - 3415. What are the prime factors of w(5)?
5, 11, 199
Let l(i) = -3*i + 22. Let f = -27 - -33. Suppose 2*r - 3*x + 63 = 0, r + x + 30 = f. What are the prime factors of l(r)?
103
Let z(h) = -h**2 + 6*h. Let a = 85 - 81. Let n be z(a). List the prime factors of -57*(0 - (-4)/(-24))*n.
2, 19
Suppose 0*f = 3*f - 5028. Suppose 11*n - f = 568. Let t = n - 131. List the prime factors of t.
73
Let a(k) be the first derivative of -k**2/2 + 8. Let o be a(-4). Suppose o*y = 4*b + 160, 5*b = -2*y + 127 - 40. What are the prime factors of y?
41
Suppose -24*f + 11*f = -16*f + 23334. What are the prime factors of f?
2, 3889
Suppose 6923 = 54*n - 32*n - 315. List the prime factors of n.
7, 47
Suppose -28 = -3*k - 4*q, 4*k + 5*q - 44 = -8. Suppose -5*z - 2*h + 21 = 0, -k*z - 10 = h - 28. List the prime factors of z.
5
Let g = -156 + 168. Suppose 0 = g*x - 10411 - 8645. What are the prime factors of x?
2, 397
Suppose -50 + 13 = v. Suppose -m + 4*m - 3*u + 306 = 0, -4*u = 3*m + 334. Let j = v - m. What are the prime factors of j?
3, 23
Let d(l) = 90*l - 926. What are the prime factors of d(35)?
2, 139
Let o = -2217 - -2791. List the prime factors of o.
2, 7, 41
Suppose -34*u + 6774 = -31*u. List the prime factors